{"id":3836,"date":"2021-11-02T21:15:59","date_gmt":"2021-11-02T20:15:59","guid":{"rendered":"https:\/\/sztukomania.pl\/?post_type=product&#038;p=3836"},"modified":"2026-04-26T17:44:39","modified_gmt":"2026-04-26T16:44:39","slug":"deska-na-kieliszki-2","status":"publish","type":"product","link":"https:\/\/sztukomania.pl\/?product=deska-na-kieliszki-2","title":{"rendered":"Deska na kieliszki d\u0119bowa"},"content":{"rendered":"<p>Pod\u0142u\u017cna pi\u0119knie us\u0142ojona lakierowana deska degustacyjna z otworami na kieliszki<\/p>\n<p>Deska posiada otwory z dw\u00f3ch stron po 4 do 6 otwor\u00f3w na kieliszki.<\/p>\n<p>Deska posiada wygodne wci\u0119cia do przenoszenia po bokach<\/p>\n<p>Rodzaj drzewa: D\u0104B<\/p>\n<p>D\u0142ugo\u015b\u0107: 25-30cm<\/p>\n<p><span style=\"font-size: 16px;\">Ka\u017cdy z produkt\u00f3w jest unikatowy i wykonywany w ca\u0142o\u015bci r\u0119cznie dlatego nie ma dw\u00f3ch identycznych<\/span><span style=\"font-size: 16px;\"> przedmiot\u00f3w.<\/span><\/p>\n<p>Rzeczywisty odcie\u0144 kolorystyczny produktu mo\u017ce r\u00f3\u017cni\u0107 si\u0119 od tego, kt\u00f3ry widnieje na zdj\u0119ciach<\/p>\n<p>Drewno pokryte lakierem bezbarwnym.<\/p>\n<p>Podczas wysy\u0142ki produkt wybierany jest losowo<\/p>\n<p>Istnieje mo\u017cliwo\u015b\u0107 zam\u00f3wienia deski o wi\u0119kszym rozmiarze oraz wi\u0119kszej ilo\u015bci otwor\u00f3w<\/p>\n<p>&nbsp;<\/p>\n<p>&nbsp;<\/p>\n<p>&nbsp;<\/p>\n","protected":false},"excerpt":{"rendered":"<p>Pod\u0142u\u017cna pi\u0119knie us\u0142ojona lakierowana deska degustacyjna z otworami na kieliszki Deska posiada otwory z dw\u00f3ch stron po 4 do 6 otwor\u00f3w na kieliszki. Deska posiada wygodne wci\u0119cia do przenoszenia po bokach Rodzaj drzewa: D\u0104B D\u0142ugo\u015b\u0107: 25-30cm Ka\u017cdy z produkt\u00f3w jest unikatowy i wykonywany w ca\u0142o\u015bci r\u0119cznie dlatego nie ma dw\u00f3ch identycznych przedmiot\u00f3w. Rzeczywisty odcie\u0144 kolorystyczny [&hellip;]<\/p>\n","protected":false},"featured_media":10243,"comment_status":"open","ping_status":"closed","template":"","meta":{"om_disable_all_campaigns":false,"_monsterinsights_skip_tracking":false,"_monsterinsights_sitenote_active":false,"_monsterinsights_sitenote_note":"","_monsterinsights_sitenote_category":0,"_uf_show_specific_survey":0,"_uf_disable_surveys":false,"site-sidebar-layout":"default","site-content-layout":"default","ast-site-content-layout":"default","site-content-style":"default","site-sidebar-style":"default","ast-global-header-display":"","ast-banner-title-visibility":"","ast-main-header-display":"","ast-hfb-above-header-display":"","ast-hfb-below-header-display":"","ast-hfb-mobile-header-display":"","site-post-title":"","ast-breadcrumbs-content":"","ast-featured-img":"","footer-sml-layout":"","ast-disable-related-posts":"","theme-transparent-header-meta":"default","adv-header-id-meta":"","stick-header-meta":"","header-above-stick-meta":"","header-main-stick-meta":"","header-below-stick-meta":"","astra-migrate-meta-layouts":"set","ast-page-background-enabled":"default","ast-page-background-meta":{"desktop":{"background-color":"","background-image":"","background-repeat":"repeat","background-position":"center center","background-size":"auto","background-attachment":"scroll","background-type":"","background-media":"","overlay-type":"","overlay-color":"","overlay-opacity":"","overlay-gradient":""},"tablet":{"background-color":"","background-image":"","background-repeat":"repeat","background-position":"center center","background-size":"auto","background-attachment":"scroll","background-type":"","background-media":"","overlay-type":"","overlay-color":"","overlay-opacity":"","overlay-gradient":""},"mobile":{"background-color":"","background-image":"","background-repeat":"repeat","background-position":"center center","background-size":"auto","background-attachment":"scroll","background-type":"","background-media":"","overlay-type":"","overlay-color":"","overlay-opacity":"","overlay-gradient":""}},"ast-content-background-meta":{"desktop":{"background-color":"var(--ast-global-color-5)","background-image":"","background-repeat":"repeat","background-position":"center center","background-size":"auto","background-attachment":"scroll","background-type":"","background-media":"","overlay-type":"","overlay-color":"","overlay-opacity":"","overlay-gradient":""},"tablet":{"background-color":"var(--ast-global-color-5)","background-image":"","background-repeat":"repeat","background-position":"center center","background-size":"auto","background-attachment":"scroll","background-type":"","background-media":"","overlay-type":"","overlay-color":"","overlay-opacity":"","overlay-gradient":""},"mobile":{"background-color":"var(--ast-global-color-5)","background-image":"","background-repeat":"repeat","background-position":"center center","background-size":"auto","background-attachment":"scroll","background-type":"","background-media":"","overlay-type":"","overlay-color":"","overlay-opacity":"","overlay-gradient":""}}},"product_brand":[],"product_cat":[32,33,31],"product_tag":[50],"class_list":{"0":"post-3836","1":"product","2":"type-product","3":"status-publish","4":"has-post-thumbnail","6":"product_cat-cutting_board","7":"product_cat-other_wood","8":"product_cat-wood","9":"product_tag-wood-deska-deska-do-krojenia","10":"desktop-align-left","11":"tablet-align-left","12":"mobile-align-left","14":"first","15":"outofstock","16":"taxable","17":"shipping-taxable","18":"purchasable","19":"product-type-simple"},"aioseo_notices":[],"_links":{"self":[{"href":"https:\/\/sztukomania.pl\/index.php?rest_route=\/wp\/v2\/product\/3836","targetHints":{"allow":["GET"]}}],"collection":[{"href":"https:\/\/sztukomania.pl\/index.php?rest_route=\/wp\/v2\/product"}],"about":[{"href":"https:\/\/sztukomania.pl\/index.php?rest_route=\/wp\/v2\/types\/product"}],"replies":[{"embeddable":true,"href":"https:\/\/sztukomania.pl\/index.php?rest_route=%2Fwp%2Fv2%2Fcomments&post=3836"}],"version-history":[{"count":4,"href":"https:\/\/sztukomania.pl\/index.php?rest_route=\/wp\/v2\/product\/3836\/revisions"}],"predecessor-version":[{"id":9270,"href":"https:\/\/sztukomania.pl\/index.php?rest_route=\/wp\/v2\/product\/3836\/revisions\/9270"}],"wp:featuredmedia":[{"embeddable":true,"href":"https:\/\/sztukomania.pl\/index.php?rest_route=\/wp\/v2\/media\/10243"}],"wp:attachment":[{"href":"https:\/\/sztukomania.pl\/index.php?rest_route=%2Fwp%2Fv2%2Fmedia&parent=3836"}],"wp:term":[{"taxonomy":"product_brand","embeddable":true,"href":"https:\/\/sztukomania.pl\/index.php?rest_route=%2Fwp%2Fv2%2Fproduct_brand&post=3836"},{"taxonomy":"product_cat","embeddable":true,"href":"https:\/\/sztukomania.pl\/index.php?rest_route=%2Fwp%2Fv2%2Fproduct_cat&post=3836"},{"taxonomy":"product_tag","embeddable":true,"href":"https:\/\/sztukomania.pl\/index.php?rest_route=%2Fwp%2Fv2%2Fproduct_tag&post=3836"}],"curies":[{"name":"wp","href":"https:\/\/api.w.org\/{rel}","templated":true}]}}