{"id":14974,"date":"2026-03-02T13:34:58","date_gmt":"2026-03-02T12:34:58","guid":{"rendered":"https:\/\/sztukomania.pl\/?post_type=product&#038;p=14974"},"modified":"2026-04-20T14:58:06","modified_gmt":"2026-04-20T13:58:06","slug":"warsztaty-ceramiczne-i-wycieczka-w-gory-na-krokusy","status":"publish","type":"product","link":"https:\/\/sztukomania.pl\/?product=warsztaty-ceramiczne-i-wycieczka-w-gory-na-krokusy","title":{"rendered":"WARSZTATY CERAMICZNE I WYCIECZKA W PIENINY SPISKIE 30.05"},"content":{"rendered":"<p><strong>Bardzo serdecznie zapraszam Was do wzi\u0119cia udzia\u0142u w wyj\u0105tkowej <\/strong><strong>II EDYCJI WARSZTATOWO-G\u00d3RSKIEJ \ud83d\ude42<\/strong><\/p>\n<p><strong>DLACZEGO TO WYDARZENIE JEST WYJ\u0104TKOWE?<\/strong><\/p>\n<p>Dla mnie jest innowacyjne poniewa\u017c to pierwsze takie po\u0142\u0105czenie na Podhalu kreatywnych warsztat\u00f3w w glinie z aktywno\u015bci\u0105 g\u00f3rsk\u0105 czyli z wycieczk\u0105 w teren z licencjonowanym przewodnikiem g\u00f3rskim \ud83d\ude42<\/p>\n<p>Jestem ogromn\u0105 pasjonatk\u0105 takiego sp\u0119dzania czasu i my\u015bl\u0119, \u017ce Ci kt\u00f3rzy s\u0105 ze mn\u0105 od dawna na moim &#8220;sztukomaniowym koncie&#8221; w social mediach\u00a0 wiedz\u0105, \u017ce tworzenie ceramiki i branie jej w g\u00f3ry na wycieczki s\u0105 moj\u0105 codzienno\u015bci\u0105 i jest to projekt autentyczny prosto z serca z mi\u0142o\u015bci do obcowania z natur\u0105 \ud83d\ude42<\/p>\n<p>Dlatego wsp\u00f3lnie z przewodnikiem Micha\u0142em zapraszamy Was bardzo serdecznie po pierwszej cz\u0119\u015bci tego wydarzenia (czyli po warsztatach) na inspiruj\u0105c\u0105 wycieczk\u0119 w poszukiwaniu krokus\u00f3w po przepi\u0119knych wiosennych Pieninach Spiskich.<\/p>\n<p>Micha\u0142 to przewodnik z ogromnym poczuciem humoru (st\u0105d wiedzia\u0142am, \u017ce to odpowiednia osoba do stworzenia tego planu), ale przede wszystkim to osoba o ogromnej wiedzy i znajomo\u015bci regionu. Gwarantuj\u0119 Wam, \u017ce taka wycieczka w teren na kt\u00f3rej macie mo\u017cliwo\u015b\u0107 pos\u0142uchania o historii otaczaj\u0105cego Was regionu oraz o wci\u0105\u017c mocno kultywowanym pasterstwie i o okolicznych widokach to inny wymiar wycieczki ni\u017c zwyk\u0142a droga szlakiem na szczyt.<\/p>\n<p>To wydarzenie jest dla ka\u017cdego \ud83d\ude42<\/p>\n<p>Nie musisz mie\u0107 wielkiej kondycji!<\/p>\n<p>B\u0119dziesz pod dobr\u0105 opiek\u0105, a potrzebne b\u0119d\u0105 Ci wy\u0142\u0105cznie ch\u0119ci na warsztaty i wycieczk\u0119 i ewentualnie pytania do przewodnika \ud83d\ude00<\/p>\n<p>&nbsp;<\/p>\n<p><strong>NO JU\u017b CZUJ\u0118 SI\u0118 ZACHECONY\/NA WST\u0118<\/strong><strong>PEM, ALE CO W PLANIE?<\/strong><\/p>\n<ol>\n<li style=\"text-align: left;\"><strong>Spotykamy si\u0119 30.05 (sobota) o godzinie 10:00, w mojej Zakopia\u0144skiej pracowni ceramiki na ul. Staszica 14. <\/strong><\/li>\n<\/ol>\n<p>Na warsztatach ka\u017cdy uczestnik stworzy z moj\u0105 pomoc\u0105 w\u0142asny ceramiczny produkt u\u017cytkowy inspirowany wiosennymi motywami\u00a0<img decoding=\"async\" class=\"emoji\" role=\"img\" draggable=\"false\" src=\"https:\/\/s.w.org\/images\/core\/emoji\/17.0.2\/svg\/1f642.svg\" alt=\"\ud83d\ude42\" \/><\/p>\n<p>Maj to idealny czas na wykorzystanie kwitn\u0105cych ro\u015blin na ceramice do stworzenia unikatowej pracy\u00a0<img decoding=\"async\" class=\"emoji\" role=\"img\" draggable=\"false\" src=\"https:\/\/s.w.org\/images\/core\/emoji\/17.0.2\/svg\/1f642.svg\" alt=\"\ud83d\ude42\" \/><\/p>\n<p>Na warsztatach b\u0119dzie czeka\u0142 pocz\u0119stunek w postaci kawy, herbaty oraz owoce lub dobre ciacha <img decoding=\"async\" class=\"emoji\" role=\"img\" draggable=\"false\" src=\"https:\/\/s.w.org\/images\/core\/emoji\/17.0.2\/svg\/1f642.svg\" alt=\"\ud83d\ude42\" \/><\/p>\n<p>&nbsp;<\/p>\n<p>2.\u00a0<strong>Po warsztatach o godzinie 12:00 wyruszymy samochodami w tras\u0119 na szlak- tutaj ma\u0142a uwaga!\u00a0<\/strong><\/p>\n<p>Spotykamy si\u0119 na wskazanym przez przewodnika miejscu parkingowym.\u00a0 \u00a0Je\u015bli nie jeste\u015b mobilna\/ny\u00a0 posiadamy 3 miejsca w swoim samochodzie i mo\u017cesz zabra\u0107 si\u0119 z Nami na szlak\u00a0<img decoding=\"async\" class=\"emoji\" role=\"img\" draggable=\"false\" src=\"https:\/\/s.w.org\/images\/core\/emoji\/17.0.2\/svg\/1f642.svg\" alt=\"\ud83d\ude42\" \/><\/p>\n<p>&nbsp;<\/p>\n<p><strong>Ca\u0142a wycieczka to dystans : 8 km\u00a0<\/strong><\/p>\n<p><strong>Czas pokonania trasy: 3 h + 1 h przerwy na szczycie na serwowan\u0105 przez nas kawusi\u0119 i ciacho\u00a0<\/strong><\/p>\n<p><strong>Kr\u00f3tki opis trasy:<\/strong><\/p>\n<div id=\":wb\" class=\"Am aiL Al editable LW-avf tS-tW tS-tY\" tabindex=\"1\" role=\"textbox\" contenteditable=\"true\" spellcheck=\"false\" aria-label=\"Tre\u015b\u0107 wiadomo\u015bci\" aria-multiline=\"true\" aria-owns=\":1zx\" aria-controls=\":1zx\" aria-expanded=\"false\"><span style=\"font-family: georgia, serif;\">Wycieczk\u0119 rozpoczniemy\u00a0w spiskiej miejscowo\u015bci \u0141apsze Ni\u017cne, sk\u0105d udamy si\u0119 szlakiem w kierunku Ostrej G\u00f3ry, po drodze przechodz\u0105c w\u0105wozem Mi\u0119dzyg\u00f3ry pomi\u0119dzy So\u0142tysi\u0105, a Tynusi\u0105 G\u00f3r\u0105. \u0141adne nazwy prawda? \ud83d\ude42 U podn\u00f3\u017ca Ostrej G\u00f3ry zostawimy szlak i dalej p\u00f3jdziemy poln\u0105 drog\u0105 w kierunku widokowej Polany Wapienne. Roztacza si\u0119 st\u0105d \u0142adna panorama m.in. na <span class=\"gmail-il\">Pieniny<\/span>\u00a0W\u0142a\u015bciwe oraz Tatry, a przy odrobinie szcz\u0119\u015bcia by\u0107 mo\u017ce uda nam si\u0119 tutaj zobaczy\u0107 szafrany\u00a0<span class=\"gmail-il\">spiskie<\/span>. Od tego miejsca b\u0119dziemy pod\u0105\u017cali dalej szlakiem w kierunku g\u00f3ry \u017bar (najwy\u017cszy szczyt Pienin Spiskich). Znajduje si\u0119 tutaj platforma widokowa, z kt\u00f3rej przy aromacie kawy b\u0119dziemy podziwiali widok w kierunku p\u00f3\u0142nocnym na zbiornik Czorszty\u0144ski oraz Gorce. Po przerwie ruszymy dalej, mijaj\u0105c po drodze niewielk\u0105 grot\u0119 skaln\u0105 o nazwie Dziura Mutiego zwi\u0105zan\u0105 z legend\u0105 o Janosiku, a\u017c dotrzemy do kolejnego punktu widokowego, czyli szczytu L\u00f3s. Tutaj zostawimy szlak\u00a0 i wr\u00f3cimy do \u0141apsz Ni\u017cnych, zaka\u0144czaj\u0105c tym samym wycieczk\u0119.\u00a0\u00a0<\/span><\/div>\n<p>&nbsp;<\/p>\n<p>Maj to idealny czas na g\u00f3rskie w\u0119dr\u00f3wki, czeka nas d\u0142u\u017cszy dzie\u0144 dzi\u0119ki czemu bez po\u015bpiechu b\u0119dziemy mogli delektowa\u0107 si\u0119 mijanymi widokami\u00a0<img decoding=\"async\" class=\"emoji\" role=\"img\" draggable=\"false\" src=\"https:\/\/s.w.org\/images\/core\/emoji\/17.0.2\/svg\/1f642.svg\" alt=\"\ud83d\ude42\" \/><\/p>\n<p>Z powrotem na parking dotrzemy ok. godziny 17-17:30 <img decoding=\"async\" class=\"emoji\" role=\"img\" draggable=\"false\" src=\"https:\/\/s.w.org\/images\/core\/emoji\/17.0.2\/svg\/1f642.svg\" alt=\"\ud83d\ude42\" \/><\/p>\n<p><strong>Obowi\u0105zkowe wyposa\u017cenie ka\u017cdego uczestnika wycieczki:<\/strong><\/p>\n<ul>\n<li>wygodne obuwie turystyczne<\/li>\n<li>ciep\u0142a kurtka<\/li>\n<\/ul>\n<p><strong>Polecamy opcjonalnie:<\/strong><\/p>\n<ul>\n<li>kijki trekkingowe<\/li>\n<\/ul>\n<p><strong>Cena tego wydarzenia obejmuje:<\/strong><\/p>\n<ol>\n<li>warsztaty ceramiczne oraz p\u00f3\u017aniejsz\u0105 wysy\u0142k\u0119 gotowej pracy<\/li>\n<li>us\u0142ug\u0119 przewodnick\u0105 licencjonowanego przewodnika g\u00f3rskiego<\/li>\n<li>ubezpieczenie uczestnika na czas wycieczki<\/li>\n<li>pocz\u0119stunek w terenie (kawa oraz dobroci do kawy)<\/li>\n<\/ol>\n<p><strong>W przypadku niekorzystnej i deszczowej pogody przewodnik zaproponuje alternatywn\u0105 bezpieczn\u0105 wycieczk\u0119.<\/strong><\/p>\n<p><strong>Minimalna ilo\u015b\u0107 uczestnik\u00f3w, aby projekt si\u0119 odby\u0142\u00a0 to 4 ch\u0119tne osoby.\u00a0<\/strong><\/p>\n<p><strong>Je\u015bli nie masz plan\u00f3w na akurat te sobot\u0119 ruszaj z nami \ud83d\ude42<\/strong><\/p>\n<p>&nbsp;<\/p>\n<p>Zdj\u0119cia panoram: Pawe\u0142 Bajer<\/p>\n","protected":false},"excerpt":{"rendered":"<p>Bardzo serdecznie zapraszam Was do wzi\u0119cia udzia\u0142u w wyj\u0105tkowej II EDYCJI WARSZTATOWO-G\u00d3RSKIEJ \ud83d\ude42 DLACZEGO TO WYDARZENIE JEST WYJ\u0104TKOWE? Dla mnie jest innowacyjne poniewa\u017c to pierwsze takie po\u0142\u0105czenie na Podhalu kreatywnych warsztat\u00f3w w glinie z aktywno\u015bci\u0105 g\u00f3rsk\u0105 czyli z wycieczk\u0105 w teren z licencjonowanym przewodnikiem g\u00f3rskim \ud83d\ude42 Jestem ogromn\u0105 pasjonatk\u0105 takiego sp\u0119dzania czasu i my\u015bl\u0119, \u017ce [&hellip;]<\/p>\n","protected":false},"featured_media":15022,"comment_status":"open","ping_status":"closed","template":"","meta":{"om_disable_all_campaigns":false,"_monsterinsights_skip_tracking":false,"_monsterinsights_sitenote_active":false,"_monsterinsights_sitenote_note":"","_monsterinsights_sitenote_category":0,"_uf_show_specific_survey":0,"_uf_disable_surveys":false,"site-sidebar-layout":"default","site-content-layout":"","ast-site-content-layout":"default","site-content-style":"default","site-sidebar-style":"default","ast-global-header-display":"","ast-banner-title-visibility":"","ast-main-header-display":"","ast-hfb-above-header-display":"","ast-hfb-below-header-display":"","ast-hfb-mobile-header-display":"","site-post-title":"","ast-breadcrumbs-content":"","ast-featured-img":"","footer-sml-layout":"","ast-disable-related-posts":"","theme-transparent-header-meta":"default","adv-header-id-meta":"","stick-header-meta":"","header-above-stick-meta":"","header-main-stick-meta":"","header-below-stick-meta":"","astra-migrate-meta-layouts":"set","ast-page-background-enabled":"default","ast-page-background-meta":{"desktop":{"background-color":"","background-image":"","background-repeat":"repeat","background-position":"center center","background-size":"auto","background-attachment":"scroll","background-type":"","background-media":"","overlay-type":"","overlay-color":"","overlay-opacity":"","overlay-gradient":""},"tablet":{"background-color":"","background-image":"","background-repeat":"repeat","background-position":"center center","background-size":"auto","background-attachment":"scroll","background-type":"","background-media":"","overlay-type":"","overlay-color":"","overlay-opacity":"","overlay-gradient":""},"mobile":{"background-color":"","background-image":"","background-repeat":"repeat","background-position":"center center","background-size":"auto","background-attachment":"scroll","background-type":"","background-media":"","overlay-type":"","overlay-color":"","overlay-opacity":"","overlay-gradient":""}},"ast-content-background-meta":{"desktop":{"background-color":"var(--ast-global-color-5)","background-image":"","background-repeat":"repeat","background-position":"center center","background-size":"auto","background-attachment":"scroll","background-type":"","background-media":"","overlay-type":"","overlay-color":"","overlay-opacity":"","overlay-gradient":""},"tablet":{"background-color":"var(--ast-global-color-5)","background-image":"","background-repeat":"repeat","background-position":"center center","background-size":"auto","background-attachment":"scroll","background-type":"","background-media":"","overlay-type":"","overlay-color":"","overlay-opacity":"","overlay-gradient":""},"mobile":{"background-color":"var(--ast-global-color-5)","background-image":"","background-repeat":"repeat","background-position":"center center","background-size":"auto","background-attachment":"scroll","background-type":"","background-media":"","overlay-type":"","overlay-color":"","overlay-opacity":"","overlay-gradient":""}}},"product_brand":[],"product_cat":[87],"product_tag":[],"class_list":{"0":"post-14974","1":"product","2":"type-product","3":"status-publish","4":"has-post-thumbnail","6":"product_cat-warsztaty","7":"desktop-align-left","8":"tablet-align-left","9":"mobile-align-left","11":"first","12":"instock","13":"taxable","14":"shipping-taxable","15":"purchasable","16":"product-type-simple"},"aioseo_notices":[],"_links":{"self":[{"href":"https:\/\/sztukomania.pl\/index.php?rest_route=\/wp\/v2\/product\/14974","targetHints":{"allow":["GET"]}}],"collection":[{"href":"https:\/\/sztukomania.pl\/index.php?rest_route=\/wp\/v2\/product"}],"about":[{"href":"https:\/\/sztukomania.pl\/index.php?rest_route=\/wp\/v2\/types\/product"}],"replies":[{"embeddable":true,"href":"https:\/\/sztukomania.pl\/index.php?rest_route=%2Fwp%2Fv2%2Fcomments&post=14974"}],"version-history":[{"count":25,"href":"https:\/\/sztukomania.pl\/index.php?rest_route=\/wp\/v2\/product\/14974\/revisions"}],"predecessor-version":[{"id":15362,"href":"https:\/\/sztukomania.pl\/index.php?rest_route=\/wp\/v2\/product\/14974\/revisions\/15362"}],"wp:featuredmedia":[{"embeddable":true,"href":"https:\/\/sztukomania.pl\/index.php?rest_route=\/wp\/v2\/media\/15022"}],"wp:attachment":[{"href":"https:\/\/sztukomania.pl\/index.php?rest_route=%2Fwp%2Fv2%2Fmedia&parent=14974"}],"wp:term":[{"taxonomy":"product_brand","embeddable":true,"href":"https:\/\/sztukomania.pl\/index.php?rest_route=%2Fwp%2Fv2%2Fproduct_brand&post=14974"},{"taxonomy":"product_cat","embeddable":true,"href":"https:\/\/sztukomania.pl\/index.php?rest_route=%2Fwp%2Fv2%2Fproduct_cat&post=14974"},{"taxonomy":"product_tag","embeddable":true,"href":"https:\/\/sztukomania.pl\/index.php?rest_route=%2Fwp%2Fv2%2Fproduct_tag&post=14974"}],"curies":[{"name":"wp","href":"https:\/\/api.w.org\/{rel}","templated":true}]}}

<p><strong>Bardzo serdecznie zapraszam Was do wzięcia udziału w wyjątkowej </strong><strong>II EDYCJI WARSZTATOWO-GÓRSKIEJ 🙂</strong></p>
<p><strong>DLACZEGO TO WYDARZENIE JEST WYJĄTKOWE?</strong></p>
<p>Dla mnie jest innowacyjne ponieważ to pierwsze takie połączenie na Podhalu kreatywnych warsztatów w glinie z aktywnością górską czyli z wycieczką w teren z licencjonowanym przewodnikiem górskim 🙂</p>
<p>Jestem ogromną pasjonatką takiego spędzania czasu i myślę, że Ci którzy są ze mną od dawna na moim &#8220;sztukomaniowym koncie&#8221; w social mediach  wiedzą, że tworzenie ceramiki i branie jej w góry na wycieczki są moją codziennością i jest to projekt autentyczny prosto z serca z miłości do obcowania z naturą 🙂</p>
<p>Dlatego wspólnie z przewodnikiem Michałem zapraszamy Was bardzo serdecznie po pierwszej części tego wydarzenia (czyli po warsztatach) na inspirującą wycieczkę w poszukiwaniu krokusów po przepięknych wiosennych Pieninach Spiskich.</p>
<p>Michał to przewodnik z ogromnym poczuciem humoru (stąd wiedziałam, że to odpowiednia osoba do stworzenia tego planu), ale przede wszystkim to osoba o ogromnej wiedzy i znajomości regionu. Gwarantuję Wam, że taka wycieczka w teren na której macie możliwość posłuchania o historii otaczającego Was regionu oraz o wciąż mocno kultywowanym pasterstwie i o okolicznych widokach to inny wymiar wycieczki niż zwykła droga szlakiem na szczyt.</p>
<p>To wydarzenie jest dla każdego 🙂</p>
<p>Nie musisz mieć wielkiej kondycji!</p>
<p>Będziesz pod dobrą opieką, a potrzebne będą Ci wyłącznie chęci na warsztaty i wycieczkę i ewentualnie pytania do przewodnika 😀</p>
<p>&nbsp;</p>
<p><strong>NO JUŻ CZUJĘ SIĘ ZACHECONY/NA WSTĘ</strong><strong>PEM, ALE CO W PLANIE?</strong></p>
<ol>
<li style="text-align: left;"><strong>Spotykamy się 30.05 (sobota) o godzinie 10:00, w mojej Zakopiańskiej pracowni ceramiki na ul. Staszica 14. </strong></li>
</ol>
<p>Na warsztatach każdy uczestnik stworzy z moją pomocą własny ceramiczny produkt użytkowy inspirowany wiosennymi motywami <img decoding="async" class="emoji" role="img" draggable="false" src="https://s.w.org/images/core/emoji/17.0.2/svg/1f642.svg" alt="🙂" /></p>
<p>Maj to idealny czas na wykorzystanie kwitnących roślin na ceramice do stworzenia unikatowej pracy <img decoding="async" class="emoji" role="img" draggable="false" src="https://s.w.org/images/core/emoji/17.0.2/svg/1f642.svg" alt="🙂" /></p>
<p>Na warsztatach będzie czekał poczęstunek w postaci kawy, herbaty oraz owoce lub dobre ciacha <img decoding="async" class="emoji" role="img" draggable="false" src="https://s.w.org/images/core/emoji/17.0.2/svg/1f642.svg" alt="🙂" /></p>
<p>&nbsp;</p>
<p>2. <strong>Po warsztatach o godzinie 12:00 wyruszymy samochodami w trasę na szlak- tutaj mała uwaga! </strong></p>
<p>Spotykamy się na wskazanym przez przewodnika miejscu parkingowym.   Jeśli nie jesteś mobilna/ny  posiadamy 3 miejsca w swoim samochodzie i możesz zabrać się z Nami na szlak <img decoding="async" class="emoji" role="img" draggable="false" src="https://s.w.org/images/core/emoji/17.0.2/svg/1f642.svg" alt="🙂" /></p>
<p>&nbsp;</p>
<p><strong>Cała wycieczka to dystans : 8 km </strong></p>
<p><strong>Czas pokonania trasy: 3 h + 1 h przerwy na szczycie na serwowaną przez nas kawusię i ciacho </strong></p>
<p><strong>Krótki opis trasy:</strong></p>
<div id=":wb" class="Am aiL Al editable LW-avf tS-tW tS-tY" tabindex="1" role="textbox" contenteditable="true" spellcheck="false" aria-label="Treść wiadomości" aria-multiline="true" aria-owns=":1zx" aria-controls=":1zx" aria-expanded="false"><span style="font-family: georgia, serif;">Wycieczkę rozpoczniemy w spiskiej miejscowości Łapsze Niżne, skąd udamy się szlakiem w kierunku Ostrej Góry, po drodze przechodząc wąwozem Międzygóry pomiędzy Sołtysią, a Tynusią Górą. Ładne nazwy prawda? 🙂 U podnóża Ostrej Góry zostawimy szlak i dalej pójdziemy polną drogą w kierunku widokowej Polany Wapienne. Roztacza się stąd ładna panorama m.in. na <span class="gmail-il">Pieniny</span> Właściwe oraz Tatry, a przy odrobinie szczęścia być może uda nam się tutaj zobaczyć szafrany <span class="gmail-il">spiskie</span>. Od tego miejsca będziemy podążali dalej szlakiem w kierunku góry Żar (najwyższy szczyt Pienin Spiskich). Znajduje się tutaj platforma widokowa, z której przy aromacie kawy będziemy podziwiali widok w kierunku północnym na zbiornik Czorsztyński oraz Gorce. Po przerwie ruszymy dalej, mijając po drodze niewielką grotę skalną o nazwie Dziura Mutiego związaną z legendą o Janosiku, aż dotrzemy do kolejnego punktu widokowego, czyli szczytu Lós. Tutaj zostawimy szlak  i wrócimy do Łapsz Niżnych, zakańczając tym samym wycieczkę.  </span></div>
<p>&nbsp;</p>
<p>Maj to idealny czas na górskie wędrówki, czeka nas dłuższy dzień dzięki czemu bez pośpiechu będziemy mogli delektować się mijanymi widokami <img decoding="async" class="emoji" role="img" draggable="false" src="https://s.w.org/images/core/emoji/17.0.2/svg/1f642.svg" alt="🙂" /></p>
<p>Z powrotem na parking dotrzemy ok. godziny 17-17:30 <img decoding="async" class="emoji" role="img" draggable="false" src="https://s.w.org/images/core/emoji/17.0.2/svg/1f642.svg" alt="🙂" /></p>
<p><strong>Obowiązkowe wyposażenie każdego uczestnika wycieczki:</strong></p>
<ul>
<li>wygodne obuwie turystyczne</li>
<li>ciepła kurtka</li>
</ul>
<p><strong>Polecamy opcjonalnie:</strong></p>
<ul>
<li>kijki trekkingowe</li>
</ul>
<p><strong>Cena tego wydarzenia obejmuje:</strong></p>
<ol>
<li>warsztaty ceramiczne oraz późniejszą wysyłkę gotowej pracy</li>
<li>usługę przewodnicką licencjonowanego przewodnika górskiego</li>
<li>ubezpieczenie uczestnika na czas wycieczki</li>
<li>poczęstunek w terenie (kawa oraz dobroci do kawy)</li>
</ol>
<p><strong>W przypadku niekorzystnej i deszczowej pogody przewodnik zaproponuje alternatywną bezpieczną wycieczkę.</strong></p>
<p><strong>Minimalna ilość uczestników, aby projekt się odbył  to 4 chętne osoby. </strong></p>
<p><strong>Jeśli nie masz planów na akurat te sobotę ruszaj z nami 🙂</strong></p>
<p>&nbsp;</p>
<p>Zdjęcia panoram: Paweł Bajer</p>

<p>Bardzo serdecznie zapraszam Was do wzięcia udziału w wyjątkowej II EDYCJI WARSZTATOWO-GÓRSKIEJ 🙂 DLACZEGO TO WYDARZENIE JEST WYJĄTKOWE? Dla mnie jest innowacyjne ponieważ to pierwsze takie połączenie na Podhalu kreatywnych warsztatów w glinie z aktywnością górską czyli z wycieczką w teren z licencjonowanym przewodnikiem górskim 🙂 Jestem ogromną pasjonatką takiego spędzania czasu i myślę, że [&hellip;]</p>
