{"id":2786,"date":"2021-04-21T08:58:28","date_gmt":"2021-04-21T08:58:28","guid":{"rendered":"https:\/\/sztukomania.pl\/?page_id=2786"},"modified":"2026-04-16T11:18:39","modified_gmt":"2026-04-16T10:18:39","slug":"elementor-2786","status":"publish","type":"page","link":"https:\/\/sztukomania.pl\/?page_id=2786","title":{"rendered":"kategorie"},"content":{"rendered":"\t\t<div data-elementor-type=\"wp-page\" data-elementor-id=\"2786\" class=\"elementor elementor-2786\" data-elementor-post-type=\"page\">\n\t\t\t\t\t\t<section class=\"elementor-section elementor-top-section elementor-element elementor-element-b2ca2c0 elementor-section-boxed elementor-section-height-default elementor-section-height-default\" data-id=\"b2ca2c0\" data-element_type=\"section\">\n\t\t\t\t\t\t<div class=\"elementor-container elementor-column-gap-default\">\n\t\t\t\t\t<div class=\"elementor-column elementor-col-100 elementor-top-column elementor-element elementor-element-a7fece8\" data-id=\"a7fece8\" data-element_type=\"column\">\n\t\t\t<div class=\"elementor-widget-wrap\">\n\t\t\t\t\t\t\t<\/div>\n\t\t<\/div>\n\t\t\t\t\t<\/div>\n\t\t<\/section>\n\t\t\t\t<section class=\"elementor-section elementor-top-section elementor-element elementor-element-0676b88 elementor-section-boxed elementor-section-height-default elementor-section-height-default\" data-id=\"0676b88\" data-element_type=\"section\">\n\t\t\t\t\t\t<div class=\"elementor-container elementor-column-gap-default\">\n\t\t\t\t\t<div class=\"elementor-column elementor-col-100 elementor-top-column elementor-element elementor-element-fdb37d9\" data-id=\"fdb37d9\" data-element_type=\"column\">\n\t\t\t<div class=\"elementor-widget-wrap elementor-element-populated\">\n\t\t\t\t\t\t<div class=\"elementor-element elementor-element-34a1dc4 elementor-grid-4 elementor-grid-tablet-3 elementor-grid-mobile-2 elementor-products-grid elementor-wc-products elementor-widget elementor-widget-wc-categories\" data-id=\"34a1dc4\" data-element_type=\"widget\" data-widget_type=\"wc-categories.default\">\n\t\t\t\t<div class=\"elementor-widget-container\">\n\t\t\t\t\t<div class=\"woocommerce columns-4\"><ul class=\"products elementor-grid columns-4\">\n<li class=\"product-category product first\">\n\t<a aria-label=\"Przejd\u017a do kategorii produktu talerze\" href=\"https:\/\/sztukomania.pl\/?product_cat=plates\"><img fetchpriority=\"high\" decoding=\"async\" src=\"https:\/\/sztukomania.pl\/wp-content\/uploads\/2025\/07\/IMG_4182-300x300.jpeg\" alt=\"talerze\" width=\"300\" height=\"300\" srcset=\"https:\/\/sztukomania.pl\/wp-content\/uploads\/2025\/07\/IMG_4182-300x300.jpeg 300w, https:\/\/sztukomania.pl\/wp-content\/uploads\/2025\/07\/IMG_4182-150x150.jpeg 150w, https:\/\/sztukomania.pl\/wp-content\/uploads\/2025\/07\/IMG_4182-100x100.jpeg 100w\" sizes=\"(max-width: 300px) 100vw, 300px\" \/>\t\t<h2 class=\"woocommerce-loop-category__title\">\n\t\t\ttalerze<mark class=\"count\">6 produkt\u00f3w<\/mark>\t\t<\/h2>\n\t\t<\/a><\/li>\n<li class=\"product-category product\">\n\t<a aria-label=\"Przejd\u017a do kategorii produktu kubki\" href=\"https:\/\/sztukomania.pl\/?product_cat=mug\"><img decoding=\"async\" src=\"https:\/\/sztukomania.pl\/wp-content\/uploads\/2026\/01\/D74EA9DC-2654-4701-B9F8-FC7CE13A3B28-300x300.jpeg\" alt=\"kubki\" width=\"300\" height=\"300\" srcset=\"https:\/\/sztukomania.pl\/wp-content\/uploads\/2026\/01\/D74EA9DC-2654-4701-B9F8-FC7CE13A3B28-300x300.jpeg 300w, https:\/\/sztukomania.pl\/wp-content\/uploads\/2026\/01\/D74EA9DC-2654-4701-B9F8-FC7CE13A3B28-150x150.jpeg 150w, https:\/\/sztukomania.pl\/wp-content\/uploads\/2026\/01\/D74EA9DC-2654-4701-B9F8-FC7CE13A3B28-100x100.jpeg 100w\" sizes=\"(max-width: 300px) 100vw, 300px\" \/>\t\t<h2 class=\"woocommerce-loop-category__title\">\n\t\t\tkubki<mark class=\"count\">12 produkt\u00f3w<\/mark>\t\t<\/h2>\n\t\t<\/a><\/li>\n<li class=\"product-category product\">\n\t<a aria-label=\"Przejd\u017a do kategorii produktu Fili\u017canki z\u0142ocone\" href=\"https:\/\/sztukomania.pl\/?product_cat=filizankizlocone\"><img decoding=\"async\" src=\"https:\/\/sztukomania.pl\/wp-content\/uploads\/2026\/01\/8B218BF3-C225-4D00-BD22-E221AADA3B86-300x300.jpeg\" alt=\"Fili\u017canki z\u0142ocone\" width=\"300\" height=\"300\" srcset=\"https:\/\/sztukomania.pl\/wp-content\/uploads\/2026\/01\/8B218BF3-C225-4D00-BD22-E221AADA3B86-300x300.jpeg 300w, https:\/\/sztukomania.pl\/wp-content\/uploads\/2026\/01\/8B218BF3-C225-4D00-BD22-E221AADA3B86-150x150.jpeg 150w, https:\/\/sztukomania.pl\/wp-content\/uploads\/2026\/01\/8B218BF3-C225-4D00-BD22-E221AADA3B86-100x100.jpeg 100w\" sizes=\"(max-width: 300px) 100vw, 300px\" \/>\t\t<h2 class=\"woocommerce-loop-category__title\">\n\t\t\tFili\u017canki z\u0142ocone<mark class=\"count\">6 produkt\u00f3w<\/mark>\t\t<\/h2>\n\t\t<\/a><\/li>\n<li class=\"product-category product last\">\n\t<a aria-label=\"Przejd\u017a do kategorii produktu fili\u017canki\" href=\"https:\/\/sztukomania.pl\/?product_cat=cup\"><img loading=\"lazy\" decoding=\"async\" src=\"https:\/\/sztukomania.pl\/wp-content\/uploads\/2026\/01\/IMG_8311-300x300.jpeg\" alt=\"fili\u017canki\" width=\"300\" height=\"300\" srcset=\"https:\/\/sztukomania.pl\/wp-content\/uploads\/2026\/01\/IMG_8311-300x300.jpeg 300w, https:\/\/sztukomania.pl\/wp-content\/uploads\/2026\/01\/IMG_8311-150x150.jpeg 150w, https:\/\/sztukomania.pl\/wp-content\/uploads\/2026\/01\/IMG_8311-100x100.jpeg 100w\" sizes=\"(max-width: 300px) 100vw, 300px\" \/>\t\t<h2 class=\"woocommerce-loop-category__title\">\n\t\t\tfili\u017canki<mark class=\"count\">11 produkt\u00f3w<\/mark>\t\t<\/h2>\n\t\t<\/a><\/li>\n<\/ul>\n<\/div>\t\t\t\t<\/div>\n\t\t\t\t<\/div>\n\t\t\t\t<div class=\"elementor-element elementor-element-b6fe1e9 elementor-grid-4 elementor-grid-tablet-3 elementor-grid-mobile-2 elementor-products-grid elementor-wc-products elementor-widget elementor-widget-wc-categories\" data-id=\"b6fe1e9\" data-element_type=\"widget\" data-widget_type=\"wc-categories.default\">\n\t\t\t\t<div class=\"elementor-widget-container\">\n\t\t\t\t\t<div class=\"woocommerce columns-4\"><ul class=\"products elementor-grid columns-4\">\n<li class=\"product-category product first\">\n\t<a aria-label=\"Przejd\u017a do kategorii produktu miski\" href=\"https:\/\/sztukomania.pl\/?product_cat=bowl\"><img loading=\"lazy\" decoding=\"async\" src=\"https:\/\/sztukomania.pl\/wp-content\/uploads\/2024\/08\/E9B64462-58F3-488C-B53B-696F2470ABFD-300x300.jpeg\" alt=\"miski\" width=\"300\" height=\"300\" srcset=\"https:\/\/sztukomania.pl\/wp-content\/uploads\/2024\/08\/E9B64462-58F3-488C-B53B-696F2470ABFD-300x300.jpeg 300w, https:\/\/sztukomania.pl\/wp-content\/uploads\/2024\/08\/E9B64462-58F3-488C-B53B-696F2470ABFD-150x150.jpeg 150w, https:\/\/sztukomania.pl\/wp-content\/uploads\/2024\/08\/E9B64462-58F3-488C-B53B-696F2470ABFD-100x100.jpeg 100w\" sizes=\"(max-width: 300px) 100vw, 300px\" \/>\t\t<h2 class=\"woocommerce-loop-category__title\">\n\t\t\tmiski<mark class=\"count\">1 produkt<\/mark>\t\t<\/h2>\n\t\t<\/a><\/li>\n<li class=\"product-category product\">\n\t<a aria-label=\"Przejd\u017a do kategorii produktu czerpaki podhala\u0144skie\" href=\"https:\/\/sztukomania.pl\/?product_cat=scoop\"><img loading=\"lazy\" decoding=\"async\" src=\"https:\/\/sztukomania.pl\/wp-content\/uploads\/2023\/11\/IMG_4490-300x300.jpeg\" alt=\"czerpaki podhala\u0144skie\" width=\"300\" height=\"300\" srcset=\"https:\/\/sztukomania.pl\/wp-content\/uploads\/2023\/11\/IMG_4490-300x300.jpeg 300w, https:\/\/sztukomania.pl\/wp-content\/uploads\/2023\/11\/IMG_4490-150x150.jpeg 150w, https:\/\/sztukomania.pl\/wp-content\/uploads\/2023\/11\/IMG_4490-100x100.jpeg 100w\" sizes=\"(max-width: 300px) 100vw, 300px\" \/>\t\t<h2 class=\"woocommerce-loop-category__title\">\n\t\t\tczerpaki podhala\u0144skie\t\t<\/h2>\n\t\t<\/a><\/li>\n<li class=\"product-category product\">\n\t<a aria-label=\"Przejd\u017a do kategorii produktu czarki\" href=\"https:\/\/sztukomania.pl\/?product_cat=czarki\"><img loading=\"lazy\" decoding=\"async\" src=\"https:\/\/sztukomania.pl\/wp-content\/uploads\/2026\/02\/IMG_0564-300x300.jpeg\" alt=\"czarki\" width=\"300\" height=\"300\" srcset=\"https:\/\/sztukomania.pl\/wp-content\/uploads\/2026\/02\/IMG_0564-300x300.jpeg 300w, https:\/\/sztukomania.pl\/wp-content\/uploads\/2026\/02\/IMG_0564-150x150.jpeg 150w, https:\/\/sztukomania.pl\/wp-content\/uploads\/2026\/02\/IMG_0564-100x100.jpeg 100w\" sizes=\"(max-width: 300px) 100vw, 300px\" \/>\t\t<h2 class=\"woocommerce-loop-category__title\">\n\t\t\tczarki<mark class=\"count\">13 produkt\u00f3w<\/mark>\t\t<\/h2>\n\t\t<\/a><\/li>\n<\/ul>\n<\/div>\t\t\t\t<\/div>\n\t\t\t\t<\/div>\n\t\t\t\t\t<\/div>\n\t\t<\/div>\n\t\t\t\t\t<\/div>\n\t\t<\/section>\n\t\t\t\t<section class=\"elementor-section elementor-top-section elementor-element elementor-element-093236c elementor-section-boxed elementor-section-height-default elementor-section-height-default\" data-id=\"093236c\" data-element_type=\"section\">\n\t\t\t\t\t\t<div class=\"elementor-container elementor-column-gap-default\">\n\t\t\t\t\t<div class=\"elementor-column elementor-col-100 elementor-top-column elementor-element elementor-element-1c1654f\" data-id=\"1c1654f\" data-element_type=\"column\">\n\t\t\t<div class=\"elementor-widget-wrap elementor-element-populated\">\n\t\t\t\t\t\t<div class=\"elementor-element elementor-element-23035c6 elementor-grid-4 elementor-grid-tablet-3 elementor-grid-mobile-2 elementor-products-grid elementor-wc-products elementor-widget elementor-widget-wc-categories\" data-id=\"23035c6\" data-element_type=\"widget\" data-widget_type=\"wc-categories.default\">\n\t\t\t\t<div class=\"elementor-widget-container\">\n\t\t\t\t\t<div class=\"woocommerce columns-4\"><ul class=\"products elementor-grid columns-4\">\n<li class=\"product-category product first\">\n\t<a aria-label=\"Przejd\u017a do kategorii produktu wyj\u0105tkowe sto\u0142y\" href=\"https:\/\/sztukomania.pl\/?product_cat=drewniane-swieczniki\"><img loading=\"lazy\" decoding=\"async\" src=\"https:\/\/sztukomania.pl\/wp-content\/uploads\/2025\/01\/6-300x300.jpeg\" alt=\"wyj\u0105tkowe sto\u0142y\" width=\"300\" height=\"300\" srcset=\"https:\/\/sztukomania.pl\/wp-content\/uploads\/2025\/01\/6-300x300.jpeg 300w, https:\/\/sztukomania.pl\/wp-content\/uploads\/2025\/01\/6-150x150.jpeg 150w, https:\/\/sztukomania.pl\/wp-content\/uploads\/2025\/01\/6-100x100.jpeg 100w\" sizes=\"(max-width: 300px) 100vw, 300px\" \/>\t\t<h2 class=\"woocommerce-loop-category__title\">\n\t\t\twyj\u0105tkowe sto\u0142y<mark class=\"count\">11 produkt\u00f3w<\/mark>\t\t<\/h2>\n\t\t<\/a><\/li>\n<li class=\"product-category product\">\n\t<a aria-label=\"Przejd\u017a do kategorii produktu drewniane dodatki\" href=\"https:\/\/sztukomania.pl\/?product_cat=other_wood\"><img loading=\"lazy\" decoding=\"async\" src=\"https:\/\/sztukomania.pl\/wp-content\/uploads\/2024\/07\/16-300x300.jpeg\" alt=\"drewniane dodatki\" width=\"300\" height=\"300\" srcset=\"https:\/\/sztukomania.pl\/wp-content\/uploads\/2024\/07\/16-300x300.jpeg 300w, https:\/\/sztukomania.pl\/wp-content\/uploads\/2024\/07\/16-150x150.jpeg 150w, https:\/\/sztukomania.pl\/wp-content\/uploads\/2024\/07\/16-100x100.jpeg 100w\" sizes=\"(max-width: 300px) 100vw, 300px\" \/>\t\t<h2 class=\"woocommerce-loop-category__title\">\n\t\t\tdrewniane dodatki<mark class=\"count\">21 produkt\u00f3w<\/mark>\t\t<\/h2>\n\t\t<\/a><\/li>\n<li class=\"product-category product\">\n\t<a aria-label=\"Przejd\u017a do kategorii produktu deski do krojenia\" href=\"https:\/\/sztukomania.pl\/?product_cat=cutting_board\"><img loading=\"lazy\" decoding=\"async\" src=\"https:\/\/sztukomania.pl\/wp-content\/uploads\/2024\/07\/16-300x300.jpg\" alt=\"deski do krojenia\" width=\"300\" height=\"300\" srcset=\"https:\/\/sztukomania.pl\/wp-content\/uploads\/2024\/07\/16-300x300.jpg 300w, https:\/\/sztukomania.pl\/wp-content\/uploads\/2024\/07\/16-150x150.jpg 150w, https:\/\/sztukomania.pl\/wp-content\/uploads\/2024\/07\/16-100x100.jpg 100w\" sizes=\"(max-width: 300px) 100vw, 300px\" \/>\t\t<h2 class=\"woocommerce-loop-category__title\">\n\t\t\tdeski do krojenia<mark class=\"count\">14 produkt\u00f3w<\/mark>\t\t<\/h2>\n\t\t<\/a><\/li>\n<\/ul>\n<\/div>\t\t\t\t<\/div>\n\t\t\t\t<\/div>\n\t\t\t\t\t<\/div>\n\t\t<\/div>\n\t\t\t\t\t<\/div>\n\t\t<\/section>\n\t\t\t\t<\/div>\n\t\t","protected":false},"excerpt":{"rendered":"","protected":false},"author":1,"featured_media":0,"parent":0,"menu_order":0,"comment_status":"closed","ping_status":"closed","template":"","meta":{"om_disable_all_campaigns":false,"_monsterinsights_skip_tracking":false,"_monsterinsights_sitenote_active":false,"_monsterinsights_sitenote_note":"","_monsterinsights_sitenote_category":0,"_uf_show_specific_survey":0,"_uf_disable_surveys":false,"site-sidebar-layout":"no-sidebar","site-content-layout":"page-builder","ast-site-content-layout":"full-width-container","site-content-style":"unboxed","site-sidebar-style":"unboxed","ast-global-header-display":"","ast-banner-title-visibility":"","ast-main-header-display":"","ast-hfb-above-header-display":"","ast-hfb-below-header-display":"","ast-hfb-mobile-header-display":"","site-post-title":"disabled","ast-breadcrumbs-content":"","ast-featured-img":"disabled","footer-sml-layout":"","ast-disable-related-posts":"","theme-transparent-header-meta":"","adv-header-id-meta":"","stick-header-meta":"","header-above-stick-meta":"","header-main-stick-meta":"","header-below-stick-meta":"","astra-migrate-meta-layouts":"set","ast-page-background-enabled":"default","ast-page-background-meta":{"desktop":{"background-color":"","background-image":"","background-repeat":"repeat","background-position":"center center","background-size":"auto","background-attachment":"scroll","background-type":"","background-media":"","overlay-type":"","overlay-color":"","overlay-opacity":"","overlay-gradient":""},"tablet":{"background-color":"","background-image":"","background-repeat":"repeat","background-position":"center center","background-size":"auto","background-attachment":"scroll","background-type":"","background-media":"","overlay-type":"","overlay-color":"","overlay-opacity":"","overlay-gradient":""},"mobile":{"background-color":"","background-image":"","background-repeat":"repeat","background-position":"center center","background-size":"auto","background-attachment":"scroll","background-type":"","background-media":"","overlay-type":"","overlay-color":"","overlay-opacity":"","overlay-gradient":""}},"ast-content-background-meta":{"desktop":{"background-color":"var(--ast-global-color-5)","background-image":"","background-repeat":"repeat","background-position":"center center","background-size":"auto","background-attachment":"scroll","background-type":"","background-media":"","overlay-type":"","overlay-color":"","overlay-opacity":"","overlay-gradient":""},"tablet":{"background-color":"var(--ast-global-color-5)","background-image":"","background-repeat":"repeat","background-position":"center center","background-size":"auto","background-attachment":"scroll","background-type":"","background-media":"","overlay-type":"","overlay-color":"","overlay-opacity":"","overlay-gradient":""},"mobile":{"background-color":"var(--ast-global-color-5)","background-image":"","background-repeat":"repeat","background-position":"center center","background-size":"auto","background-attachment":"scroll","background-type":"","background-media":"","overlay-type":"","overlay-color":"","overlay-opacity":"","overlay-gradient":""}},"footnotes":""},"class_list":["post-2786","page","type-page","status-publish","hentry"],"aioseo_notices":[],"_links":{"self":[{"href":"https:\/\/sztukomania.pl\/index.php?rest_route=\/wp\/v2\/pages\/2786","targetHints":{"allow":["GET"]}}],"collection":[{"href":"https:\/\/sztukomania.pl\/index.php?rest_route=\/wp\/v2\/pages"}],"about":[{"href":"https:\/\/sztukomania.pl\/index.php?rest_route=\/wp\/v2\/types\/page"}],"author":[{"embeddable":true,"href":"https:\/\/sztukomania.pl\/index.php?rest_route=\/wp\/v2\/users\/1"}],"replies":[{"embeddable":true,"href":"https:\/\/sztukomania.pl\/index.php?rest_route=%2Fwp%2Fv2%2Fcomments&post=2786"}],"version-history":[{"count":26,"href":"https:\/\/sztukomania.pl\/index.php?rest_route=\/wp\/v2\/pages\/2786\/revisions"}],"predecessor-version":[{"id":15320,"href":"https:\/\/sztukomania.pl\/index.php?rest_route=\/wp\/v2\/pages\/2786\/revisions\/15320"}],"wp:attachment":[{"href":"https:\/\/sztukomania.pl\/index.php?rest_route=%2Fwp%2Fv2%2Fmedia&parent=2786"}],"curies":[{"name":"wp","href":"https:\/\/api.w.org\/{rel}","templated":true}]}}